{"id":214,"date":"2022-11-30T01:38:23","date_gmt":"2022-11-30T04:38:23","guid":{"rendered":"https:\/\/cambioslyon.cl\/cambios\/?page_id=214"},"modified":"2026-04-27T10:51:55","modified_gmt":"2026-04-27T14:51:55","slug":"valores-hoy","status":"publish","type":"page","link":"https:\/\/cambioslyon.cl\/w25\/","title":{"rendered":"Valores Hoy"},"content":{"rendered":"<h4 style=\"text-align: center;\">\u00daltima actualizaci\u00f3n 27 de Abril de 2026 , 10:00 Horas<\/h4>\n<h2 style=\"text-align: center;\"><strong>Valores Referenciales*<\/strong><\/h2>\n<h6 style=\"text-align: center;\">Los precios de compra y venta de las distintas monedas puede variar a lo largo del d\u00eda*<\/h6>\n<table border=\"0\" width=\"100%\" cellspacing=\"1\" cellpadding=\"3\" align=\"center\">\n<tbody>\n<tr>\n<td bgcolor=\"#333333\">\n<div align=\"center\"><span style=\"color: #ffffff;\"><strong>Pais<\/strong><\/span><\/div>\n<\/td>\n<td bgcolor=\"#333333\">\n<div style=\"text-align: center;\" align=\"right\"><span style=\"color: #ffffff;\"><strong>Moneda\u00a0<\/strong><\/span><\/div>\n<\/td>\n<td bgcolor=\"#333333\">\n<div align=\"center\"><strong>$<\/strong><\/div>\n<\/td>\n<td bgcolor=\"#333333\">\n<div align=\"center\"><span style=\"color: #ffffff;\"><strong>Compra<\/strong><\/span><\/div>\n<\/td>\n<td bgcolor=\"#333333\">\n<div align=\"center\"><span style=\"color: #ffffff;\"><strong>Venta<\/strong><\/span><\/div>\n<\/td>\n<\/tr>\n<tr>\n<td>\n<div align=\"center\"><img decoding=\"async\" src=\"https:\/\/cambioslyon.cl\/w25\/wp-content\/banderitas\/eeuu.jpg\" alt=\"eeuu\" border=\"0\" \/><\/div>\n<\/td>\n<td>\n<div align=\"right\"><strong>Dolar Americano<\/strong><\/div>\n<\/td>\n<td>\n<div align=\"center\">$<\/div>\n<\/td>\n<td>\n<div align=\"center\">885<\/div>\n<\/td>\n<td style=\"text-align: center;\">915<\/td>\n<\/tr>\n<tr>\n<td>\n<div align=\"center\"><img decoding=\"async\" src=\"https:\/\/cambioslyon.cl\/w25\/wp-content\/banderitas\/euro.jpg\" alt=\"euro\" border=\"0\" \/><\/div>\n<\/td>\n<td>\n<div align=\"right\"><strong>Euro<\/strong><\/div>\n<\/td>\n<td>\n<div align=\"center\">$<\/div>\n<\/td>\n<td style=\"text-align: center;\">1050<\/td>\n<td style=\"text-align: center;\">1075<\/td>\n<\/tr>\n<tr>\n<td>\n<div align=\"center\"><img decoding=\"async\" src=\"https:\/\/cambioslyon.cl\/w25\/wp-content\/banderitas\/argentina.jpg\" alt=\"argentina\" border=\"0\" \/><\/div>\n<\/td>\n<td>\n<div align=\"right\"><strong>Peso Argentino<\/strong><\/div>\n<\/td>\n<td>\n<div align=\"center\">$<\/div>\n<\/td>\n<td>\n<div align=\"center\">0.6<\/div>\n<\/td>\n<td>\n<div align=\"center\">0.68<\/div>\n<\/td>\n<\/tr>\n<tr>\n<td>\n<div align=\"center\"><img decoding=\"async\" src=\"https:\/\/cambioslyon.cl\/w25\/wp-content\/banderitas\/brasil.jpg\" alt=\"brasil\" border=\"0\" \/><\/div>\n<\/td>\n<td>\n<div align=\"right\"><strong>Real Brazilero<\/strong><\/div>\n<\/td>\n<td>\n<div align=\"center\">$<\/div>\n<\/td>\n<td>\n<div align=\"center\">168<\/div>\n<\/td>\n<td>\n<div align=\"center\">185<\/div>\n<\/td>\n<\/tr>\n<tr>\n<td>\n<div align=\"center\"><img decoding=\"async\" src=\"https:\/\/cambioslyon.cl\/w25\/wp-content\/banderitas\/libra.jpg\" alt=\"libra\" border=\"0\" \/><\/div>\n<\/td>\n<td>\n<div align=\"right\"><strong>Libra Esterlina <\/strong><\/div>\n<\/td>\n<td>\n<div align=\"center\">$<\/div>\n<\/td>\n<td style=\"text-align: center;\">1150<\/td>\n<td>\n<div align=\"center\"><\/div>\n<\/td>\n<\/tr>\n<tr>\n<td>\n<div align=\"center\"><img decoding=\"async\" src=\"https:\/\/cambioslyon.cl\/w25\/wp-content\/banderitas\/franco.jpg\" alt=\"franco\" border=\"0\" \/><\/div>\n<\/td>\n<td>\n<div align=\"right\"><strong>Franzo Suizo<\/strong><\/div>\n<\/td>\n<td>\n<div align=\"center\">$<\/div>\n<\/td>\n<td>\n<div align=\"center\">970<\/div>\n<\/td>\n<td>\n<div align=\"center\"><\/div>\n<\/td>\n<\/tr>\n<tr>\n<td>\n<div align=\"center\"><img decoding=\"async\" src=\"https:\/\/cambioslyon.cl\/w25\/wp-content\/banderitas\/yen.jpg\" alt=\"yen\" border=\"0\" \/><\/div>\n<\/td>\n<td>\n<div align=\"right\"><strong>Yen Japones <\/strong><\/div>\n<\/td>\n<td>\n<div align=\"center\">$<\/div>\n<\/td>\n<td style=\"text-align: center;\">6.1<\/td>\n<td>\n<div align=\"center\"><\/div>\n<\/td>\n<\/tr>\n<tr>\n<td>\n<div align=\"center\"><img decoding=\"async\" src=\"https:\/\/cambioslyon.cl\/w25\/wp-content\/banderitas\/corona.jpg\" alt=\"corona\" border=\"0\" \/><\/div>\n<\/td>\n<td>\n<div align=\"right\"><strong>Corona Danesa<\/strong><\/div>\n<\/td>\n<td>\n<div align=\"center\">$<\/div>\n<\/td>\n<td>\n<div align=\"center\">80<\/div>\n<\/td>\n<td>\n<div align=\"center\"><\/div>\n<\/td>\n<\/tr>\n<tr>\n<td>\n<div align=\"center\"><img decoding=\"async\" src=\"https:\/\/cambioslyon.cl\/w25\/wp-content\/banderitas\/corona.jpg\" alt=\"corona\" border=\"0\" \/><\/div>\n<\/td>\n<td>\n<div align=\"right\"><strong>Corona Noruega<\/strong><\/div>\n<\/td>\n<td>\n<div align=\"center\">$<\/div>\n<\/td>\n<td>\n<div align=\"center\">58<\/div>\n<\/td>\n<td>\n<div align=\"center\"><\/div>\n<\/td>\n<\/tr>\n<tr>\n<td>\n<div align=\"center\"><img decoding=\"async\" src=\"https:\/\/cambioslyon.cl\/w25\/wp-content\/banderitas\/suecia.jpg\" alt=\"suecia\" border=\"0\" \/><\/div>\n<\/td>\n<td>\n<div align=\"right\"><strong>Corona Sueca <\/strong><\/div>\n<\/td>\n<td>\n<div align=\"center\">$<\/div>\n<\/td>\n<td>\n<div align=\"center\">60<\/div>\n<\/td>\n<td>\n<div align=\"center\"><\/div>\n<\/td>\n<\/tr>\n<tr>\n<td>\n<div align=\"center\"><img decoding=\"async\" src=\"https:\/\/cambioslyon.cl\/w25\/wp-content\/banderitas\/australia.jpg\" alt=\"australia\" border=\"0\" \/><\/div>\n<\/td>\n<td>\n<div align=\"right\"><strong>Dolar Australiano<\/strong><\/div>\n<\/td>\n<td>\n<div align=\"center\">$<\/div>\n<\/td>\n<td>\n<div align=\"center\">530<\/div>\n<\/td>\n<td>\n<div align=\"center\"><\/div>\n<\/td>\n<\/tr>\n<tr>\n<td>\n<div align=\"center\"><img decoding=\"async\" src=\"https:\/\/cambioslyon.cl\/w25\/wp-content\/banderitas\/canada.jpg\" alt=\"canada\" border=\"0\" \/><\/div>\n<\/td>\n<td>\n<div align=\"right\"><strong>Dolar Canadiense <\/strong><\/div>\n<\/td>\n<td>\n<div align=\"center\">$<\/div>\n<\/td>\n<td>\n<div align=\"center\">570<\/div>\n<\/td>\n<td>\n<div align=\"center\"><\/div>\n<\/td>\n<\/tr>\n<tr>\n<td>\n<div align=\"center\"><img decoding=\"async\" src=\"https:\/\/cambioslyon.cl\/w25\/wp-content\/banderitas\/mexico.jpg\" alt=\"mexico\" border=\"0\" \/><\/div>\n<\/td>\n<td>\n<div align=\"right\"><strong>Peso M\u00e9xicano<\/strong><\/div>\n<\/td>\n<td>\n<div align=\"center\">$<\/div>\n<\/td>\n<td>\n<div align=\"center\">40<\/div>\n<\/td>\n<td>\n<div align=\"center\">65<\/div>\n<\/td>\n<\/tr>\n<tr>\n<td>\n<div align=\"center\"><img loading=\"lazy\" decoding=\"async\" class=\"\" src=\"https:\/\/cambioslyon.cl\/w25\/wp-content\/banderitas\/colombia.jpg\" alt=\"colombia\" width=\"29\" height=\"17\" border=\"0\" \/><\/div>\n<\/td>\n<td>\n<div align=\"right\"><strong>Peso Colombiano<\/strong><\/div>\n<\/td>\n<td>\n<div align=\"center\">$<\/div>\n<\/td>\n<td>\n<div align=\"center\">0.22<\/div>\n<\/td>\n<td>\n<div align=\"center\">0.32<\/div>\n<\/td>\n<\/tr>\n<tr>\n<td>\n<div align=\"center\"><img loading=\"lazy\" decoding=\"async\" class=\"\" src=\"https:\/\/cambioslyon.cl\/w25\/wp-content\/banderitas\/paraguay.jpg\" alt=\"colombia\" width=\"29\" height=\"17\" border=\"0\" \/><\/div>\n<\/td>\n<td>\n<div align=\"right\"><strong>Guaran\u00ed Paraguayo<\/strong><\/div>\n<\/td>\n<td>\n<div align=\"center\">$<\/div>\n<\/td>\n<td>\n<div align=\"center\">0.08<\/div>\n<\/td>\n<td>\n<div align=\"center\"><\/div>\n<\/td>\n<\/tr>\n<tr>\n<td>\n<div align=\"center\"><img decoding=\"async\" class=\"\" src=\"https:\/\/cambioslyon.cl\/w25\/wp-content\/banderitas\/uruguay.jpg\" alt=\"uruguay\" border=\"0\" \/><\/div>\n<\/td>\n<td>\n<div align=\"right\"><strong>Peso Uruguayo<\/strong><\/div>\n<\/td>\n<td>\n<div align=\"center\">$<\/div>\n<\/td>\n<td>\n<div align=\"center\">15<\/div>\n<\/td>\n<td>\n<div align=\"center\">37<\/div>\n<\/td>\n<\/tr>\n<tr>\n<td>\n<div align=\"center\"><img decoding=\"async\" src=\"https:\/\/cambioslyon.cl\/w25\/wp-content\/banderitas\/boliviano.jpg\" alt=\"boliviano\" border=\"0\" \/><\/div>\n<\/td>\n<td>\n<div align=\"right\"><strong>Boliviano<\/strong><\/div>\n<\/td>\n<td>\n<div align=\"center\">$<\/div>\n<\/td>\n<td style=\"text-align: center;\">60<\/td>\n<td>\n<div align=\"center\">98<\/div>\n<\/td>\n<\/tr>\n<tr>\n<td>\n<div align=\"center\"><img decoding=\"async\" src=\"https:\/\/cambioslyon.cl\/w25\/wp-content\/banderitas\/nvo_sol.jpg\" alt=\"nvo sol\" border=\"0\" \/><\/div>\n<\/td>\n<td>\n<div align=\"right\"><strong>Nuevo Sol <\/strong><\/div>\n<\/td>\n<td>\n<div align=\"center\">$<\/div>\n<\/td>\n<td>\n<div align=\"center\">260<\/div>\n<\/td>\n<td>\n<div align=\"center\">295<\/div>\n<\/td>\n<\/tr>\n<tr>\n<td>\n<div align=\"center\"><img decoding=\"async\" src=\"https:\/\/cambioslyon.cl\/w25\/wp-content\/banderitas\/neozelandes.jpg\" alt=\"neozelandes\" border=\"0\" \/><\/div>\n<\/td>\n<td>\n<div align=\"right\"><strong>Dolar Nueva Zelanda<\/strong><\/div>\n<\/td>\n<td>\n<div align=\"center\">$<\/div>\n<\/td>\n<td>\n<div align=\"center\">520<\/div>\n<\/td>\n<td>\n<div align=\"center\"><\/div>\n<\/td>\n<\/tr>\n<tr>\n<td>\n<div align=\"center\"><img decoding=\"async\" src=\"https:\/\/cambioslyon.cl\/w25\/wp-content\/banderitas\/yuan.jpg\" alt=\"yuan\" border=\"0\" \/><\/div>\n<\/td>\n<td>\n<div align=\"right\"><strong>Yuan Chino<\/strong><\/div>\n<\/td>\n<td>\n<div align=\"center\">$<\/div>\n<\/td>\n<td>\n<div align=\"center\">110<\/div>\n<\/td>\n<td>\n<div align=\"center\"><\/div>\n<\/td>\n<\/tr>\n<tr>\n<td>\n<div align=\"center\"><\/div>\n<\/td>\n<td><\/td>\n<td><\/td>\n<td><\/td>\n<td>\n<div align=\"center\"><\/div>\n<\/td>\n<\/tr>\n<\/tbody>\n<\/table>\n<ul>\n<li>*Casa Matriz* Paseo Las Palmas #2213, Local 23, Metro Los Leones<br \/>\nFono. 2 2333 1655<br \/>\nProvidencia.<br \/>\n<strong>Horario. 9:30 &#8211; 18:00 *Miercoles. 9:30 &#8211; 17:00.<\/strong><\/li>\n<li>Luis Thayer Ojeda Edif. 0127, Local 159 ,\u00a0 Estaci\u00f3n metro Tobalaba.<br \/>\nFono: 2 2232 4721<br \/>\nProvidencia.<br \/>\n<strong>Horario. 10:00 &#8211; 19:00 *Miercoles. 10:00 &#8211; 18:00.<\/strong><\/li>\n<li>Avenida Providencia #1413. Estaci\u00f3n Metro Manuel Montt.<br \/>\nFono: 2 2235 1350<br \/>\nProvidencia.<br \/>\n<strong>Horario. 10:00 &#8211; 19:00 *Miercoles. 10:00 &#8211; 18:00.<\/strong><\/li>\n<li>Avenida Apoquindo #4400, local 107, Centro Comercial Sub Centro, Estaci\u00f3n metro Escuela Militar.<br \/>\nFono: 2 24286306<br \/>\nLas Condes.<br \/>\n<strong>Horario. 10:00 &#8211; 20:00 Sabados 10:00 &#8211; 14:00.<\/strong><\/li>\n<\/ul>\n<h5 style=\"text-align: center;\">Los valores pueden variar en el transcurso del d\u00eda as\u00ed como tambi\u00e9n el stock y la disponibilidad de las divisas.<br \/>\nPara reservar contacta directamente a la sucursal o ll\u00e1menos al 2 2333 1655<\/h5>\n","protected":false},"excerpt":{"rendered":"<p>\u00daltima actualizaci\u00f3n 27 de Abril de 2026 , 10:00 Horas Valores Referenciales* Los precios de compra y venta de las distintas monedas puede variar a lo largo del d\u00eda* Pais Moneda\u00a0 $ Compra Venta Dolar Americano $ 885 915 Euro $ 1050 1075 Peso Argentino $ 0.6 0.68 Real Brazilero $ 168 185 Libra Esterlina\u2026 <span class=\"read-more\"><a href=\"https:\/\/cambioslyon.cl\/w25\/\">Leer m\u00e1s &raquo;<\/a><\/span><\/p>\n","protected":false},"author":1,"featured_media":0,"parent":0,"menu_order":0,"comment_status":"closed","ping_status":"closed","template":"","meta":{"footnotes":""},"class_list":["post-214","page","type-page","status-publish","hentry"],"_links":{"self":[{"href":"https:\/\/cambioslyon.cl\/w25\/wp-json\/wp\/v2\/pages\/214","targetHints":{"allow":["GET"]}}],"collection":[{"href":"https:\/\/cambioslyon.cl\/w25\/wp-json\/wp\/v2\/pages"}],"about":[{"href":"https:\/\/cambioslyon.cl\/w25\/wp-json\/wp\/v2\/types\/page"}],"author":[{"embeddable":true,"href":"https:\/\/cambioslyon.cl\/w25\/wp-json\/wp\/v2\/users\/1"}],"replies":[{"embeddable":true,"href":"https:\/\/cambioslyon.cl\/w25\/wp-json\/wp\/v2\/comments?post=214"}],"version-history":[{"count":440,"href":"https:\/\/cambioslyon.cl\/w25\/wp-json\/wp\/v2\/pages\/214\/revisions"}],"predecessor-version":[{"id":1095,"href":"https:\/\/cambioslyon.cl\/w25\/wp-json\/wp\/v2\/pages\/214\/revisions\/1095"}],"wp:attachment":[{"href":"https:\/\/cambioslyon.cl\/w25\/wp-json\/wp\/v2\/media?parent=214"}],"curies":[{"name":"wp","href":"https:\/\/api.w.org\/{rel}","templated":true}]}}